{"id":117,"date":"2026-03-28T14:57:07","date_gmt":"2026-03-28T13:57:07","guid":{"rendered":"https:\/\/serwer423567.lh.pl\/autoinstalator\/serwer423567.lh.pl\/wordpress152590\/?page_id=117"},"modified":"2026-04-02T10:51:39","modified_gmt":"2026-04-02T08:51:39","slug":"117-2","status":"publish","type":"page","link":"https:\/\/serwer423567.lh.pl\/autoinstalator\/serwer423567.lh.pl\/wordpress152590\/","title":{"rendered":""},"content":{"rendered":"\n<div style=\"height:35px\" aria-hidden=\"true\" class=\"wp-block-spacer\"><\/div>\n\n\n\n<div class=\"wp-block-group has-global-padding is-layout-constrained wp-block-group-is-layout-constrained\">\n<figure class=\"wp-block-image alignfull size-full\" style=\"margin-top:-50px\"><img fetchpriority=\"high\" decoding=\"async\" width=\"2560\" height=\"1810\" src=\"https:\/\/serwer423567.lh.pl\/autoinstalator\/serwer423567.lh.pl\/wordpress152590\/wp-content\/uploads\/2026\/03\/W-12-scaled.png\" alt=\"\" class=\"wp-image-217\" srcset=\"https:\/\/serwer423567.lh.pl\/autoinstalator\/serwer423567.lh.pl\/wordpress152590\/wp-content\/uploads\/2026\/03\/W-12-scaled.png 2560w, https:\/\/serwer423567.lh.pl\/autoinstalator\/serwer423567.lh.pl\/wordpress152590\/wp-content\/uploads\/2026\/03\/W-12-300x212.png 300w, https:\/\/serwer423567.lh.pl\/autoinstalator\/serwer423567.lh.pl\/wordpress152590\/wp-content\/uploads\/2026\/03\/W-12-1024x724.png 1024w, https:\/\/serwer423567.lh.pl\/autoinstalator\/serwer423567.lh.pl\/wordpress152590\/wp-content\/uploads\/2026\/03\/W-12-768x543.png 768w, https:\/\/serwer423567.lh.pl\/autoinstalator\/serwer423567.lh.pl\/wordpress152590\/wp-content\/uploads\/2026\/03\/W-12-1536x1086.png 1536w, https:\/\/serwer423567.lh.pl\/autoinstalator\/serwer423567.lh.pl\/wordpress152590\/wp-content\/uploads\/2026\/03\/W-12-2048x1448.png 2048w\" sizes=\"(max-width: 2560px) 100vw, 2560px\" \/><\/figure>\n<\/div>\n\n\n\n<div style=\"height:75px\" aria-hidden=\"true\" class=\"wp-block-spacer\"><\/div>\n\n\n\n<div class=\"wp-block-group is-content-justification-space-between is-nowrap is-layout-flex wp-container-core-group-is-layout-cb46ffcb wp-block-group-is-layout-flex\">\n<div class=\"wp-block-group is-vertical is-content-justification-left is-layout-flex wp-container-core-group-is-layout-b21d21b4 wp-block-group-is-layout-flex\">\n<figure class=\"wp-block-image size-large\"><img decoding=\"async\" width=\"1024\" height=\"177\" src=\"https:\/\/serwer423567.lh.pl\/autoinstalator\/serwer423567.lh.pl\/wordpress152590\/wp-content\/uploads\/2026\/03\/5f218b8f-febb-40e5-a564-341c13eec1b0-1024x177.png\" alt=\"\" class=\"wp-image-168\" srcset=\"https:\/\/serwer423567.lh.pl\/autoinstalator\/serwer423567.lh.pl\/wordpress152590\/wp-content\/uploads\/2026\/03\/5f218b8f-febb-40e5-a564-341c13eec1b0-1024x177.png 1024w, https:\/\/serwer423567.lh.pl\/autoinstalator\/serwer423567.lh.pl\/wordpress152590\/wp-content\/uploads\/2026\/03\/5f218b8f-febb-40e5-a564-341c13eec1b0-300x52.png 300w, https:\/\/serwer423567.lh.pl\/autoinstalator\/serwer423567.lh.pl\/wordpress152590\/wp-content\/uploads\/2026\/03\/5f218b8f-febb-40e5-a564-341c13eec1b0-768x132.png 768w, https:\/\/serwer423567.lh.pl\/autoinstalator\/serwer423567.lh.pl\/wordpress152590\/wp-content\/uploads\/2026\/03\/5f218b8f-febb-40e5-a564-341c13eec1b0-1536x265.png 1536w, https:\/\/serwer423567.lh.pl\/autoinstalator\/serwer423567.lh.pl\/wordpress152590\/wp-content\/uploads\/2026\/03\/5f218b8f-febb-40e5-a564-341c13eec1b0-2048x353.png 2048w\" sizes=\"(max-width: 1024px) 100vw, 1024px\" \/><\/figure>\n\n\n\n<p>potem parkiet jest Wasz.<\/p>\n\n\n\n<p>Wszystko odb\u0119dzie si\u0119 w <strong>Siedlisku Czy\u017c\u00f3w<\/strong>, gdzie zaczniemy od przysi\u0119gi. Potem muzyka, \u015bpiewy i parkiet, kt\u00f3ry &#8211; mamy nadziej\u0119 &#8211; nie b\u0119dzie pusty a\u017c do \u015bwitu.<\/p>\n<\/div>\n\n\n\n<figure class=\"wp-block-image size-large\"><img decoding=\"async\" width=\"682\" height=\"1024\" src=\"https:\/\/serwer423567.lh.pl\/autoinstalator\/serwer423567.lh.pl\/wordpress152590\/wp-content\/uploads\/2026\/03\/1-682x1024.webp\" alt=\"\" class=\"wp-image-96\" srcset=\"https:\/\/serwer423567.lh.pl\/autoinstalator\/serwer423567.lh.pl\/wordpress152590\/wp-content\/uploads\/2026\/03\/1-682x1024.webp 682w, https:\/\/serwer423567.lh.pl\/autoinstalator\/serwer423567.lh.pl\/wordpress152590\/wp-content\/uploads\/2026\/03\/1-200x300.webp 200w, https:\/\/serwer423567.lh.pl\/autoinstalator\/serwer423567.lh.pl\/wordpress152590\/wp-content\/uploads\/2026\/03\/1-768x1152.webp 768w, https:\/\/serwer423567.lh.pl\/autoinstalator\/serwer423567.lh.pl\/wordpress152590\/wp-content\/uploads\/2026\/03\/1-1024x1536.webp 1024w, https:\/\/serwer423567.lh.pl\/autoinstalator\/serwer423567.lh.pl\/wordpress152590\/wp-content\/uploads\/2026\/03\/1-720x1080.webp 720w, https:\/\/serwer423567.lh.pl\/autoinstalator\/serwer423567.lh.pl\/wordpress152590\/wp-content\/uploads\/2026\/03\/1.webp 1181w\" sizes=\"(max-width: 682px) 100vw, 682px\" \/><\/figure>\n<\/div>\n\n\n\n<div class=\"wp-block-buttons is-content-justification-center is-layout-flex wp-container-core-buttons-is-layout-a89b3969 wp-block-buttons-is-layout-flex\">\n<div class=\"wp-block-button has-custom-width wp-block-button__width-50\"><a class=\"wp-block-button__link has-text-color has-background has-link-color has-text-align-center wp-element-button\" href=\"https:\/\/www.google.com\/maps\/place\/Siedlisko+Czy%C5%BC%C3%B3w\/@50.8257545,21.7840534,17z\/data=!3m1!4b1!4m6!3m5!1s0x4722b9bafa95dc31:0xef2868a3d07b52bb!8m2!3d50.8257545!4d21.7840534!16s%2Fg%2F11vdkhf7df?entry=ttu&amp;g_ep=EgoyMDI2MDMzMC4wIKXMDSoASAFQAw%3D%3D\" style=\"color:#e6e3e3;background-color:#8e0000\"><strong>Jak dojecha\u0107?<\/strong><\/a><\/div>\n<\/div>\n\n\n\n<div style=\"height:50px;width:0px\" aria-hidden=\"true\" class=\"wp-block-spacer\"><\/div>\n\n\n\n<div class=\"wp-block-group is-content-justification-space-between is-nowrap is-layout-flex wp-container-core-group-is-layout-cb46ffcb wp-block-group-is-layout-flex\">\n<figure class=\"wp-block-image size-large\"><img loading=\"lazy\" decoding=\"async\" width=\"682\" height=\"1024\" src=\"https:\/\/serwer423567.lh.pl\/autoinstalator\/serwer423567.lh.pl\/wordpress152590\/wp-content\/uploads\/2026\/03\/2-682x1024.webp\" alt=\"\" class=\"wp-image-97\" srcset=\"https:\/\/serwer423567.lh.pl\/autoinstalator\/serwer423567.lh.pl\/wordpress152590\/wp-content\/uploads\/2026\/03\/2-682x1024.webp 682w, https:\/\/serwer423567.lh.pl\/autoinstalator\/serwer423567.lh.pl\/wordpress152590\/wp-content\/uploads\/2026\/03\/2-200x300.webp 200w, https:\/\/serwer423567.lh.pl\/autoinstalator\/serwer423567.lh.pl\/wordpress152590\/wp-content\/uploads\/2026\/03\/2-768x1152.webp 768w, https:\/\/serwer423567.lh.pl\/autoinstalator\/serwer423567.lh.pl\/wordpress152590\/wp-content\/uploads\/2026\/03\/2-1024x1536.webp 1024w, https:\/\/serwer423567.lh.pl\/autoinstalator\/serwer423567.lh.pl\/wordpress152590\/wp-content\/uploads\/2026\/03\/2-720x1080.webp 720w, https:\/\/serwer423567.lh.pl\/autoinstalator\/serwer423567.lh.pl\/wordpress152590\/wp-content\/uploads\/2026\/03\/2.webp 1181w\" sizes=\"(max-width: 682px) 100vw, 682px\" \/><\/figure>\n\n\n\n<div class=\"wp-block-group is-vertical is-layout-flex wp-container-core-group-is-layout-d6b9ab57 wp-block-group-is-layout-flex\">\n<figure class=\"wp-block-image size-large\"><img loading=\"lazy\" decoding=\"async\" width=\"1024\" height=\"302\" src=\"https:\/\/serwer423567.lh.pl\/autoinstalator\/serwer423567.lh.pl\/wordpress152590\/wp-content\/uploads\/2026\/03\/2a98f3b3-2d00-4d60-a531-0bf6712ff210-1024x302.png\" alt=\"\" class=\"wp-image-165\" srcset=\"https:\/\/serwer423567.lh.pl\/autoinstalator\/serwer423567.lh.pl\/wordpress152590\/wp-content\/uploads\/2026\/03\/2a98f3b3-2d00-4d60-a531-0bf6712ff210-1024x302.png 1024w, https:\/\/serwer423567.lh.pl\/autoinstalator\/serwer423567.lh.pl\/wordpress152590\/wp-content\/uploads\/2026\/03\/2a98f3b3-2d00-4d60-a531-0bf6712ff210-300x88.png 300w, https:\/\/serwer423567.lh.pl\/autoinstalator\/serwer423567.lh.pl\/wordpress152590\/wp-content\/uploads\/2026\/03\/2a98f3b3-2d00-4d60-a531-0bf6712ff210-768x226.png 768w, https:\/\/serwer423567.lh.pl\/autoinstalator\/serwer423567.lh.pl\/wordpress152590\/wp-content\/uploads\/2026\/03\/2a98f3b3-2d00-4d60-a531-0bf6712ff210.png 1113w\" sizes=\"(max-width: 1024px) 100vw, 1024px\" \/><\/figure>\n\n\n\n<p><strong>Nie liczymy kalorii!<\/strong><\/p>\n\n\n\n<p>Tu znajdziecie wszystko, co potrzebne, \u017ceby dotrwa\u0107 do kolejnej rundy ta\u0144c\u00f3w: pyszne dania, s\u0142odkie niespodzianki i oczywi\u015bcie miejsce na dok\u0142adk\u0119.<\/p>\n<\/div>\n<\/div>\n\n\n\n<div style=\"height:50px;width:0px\" aria-hidden=\"true\" class=\"wp-block-spacer\"><\/div>\n\n\n\n<div class=\"wp-block-buttons is-content-justification-center is-layout-flex wp-container-core-buttons-is-layout-a89b3969 wp-block-buttons-is-layout-flex\">\n<div class=\"wp-block-button has-custom-width wp-block-button__width-50\"><a class=\"wp-block-button__link has-text-color has-background has-link-color has-text-align-center wp-element-button\" style=\"color:#e6e3e3;background-color:#8e0000\"><strong>Menu<\/strong><\/a><\/div>\n<\/div>\n\n\n\n<div style=\"height:50px;width:0px\" aria-hidden=\"true\" class=\"wp-block-spacer\"><\/div>\n\n\n\n<div class=\"wp-block-group is-content-justification-center is-nowrap is-layout-flex wp-container-core-group-is-layout-23441af8 wp-block-group-is-layout-flex\">\n<div class=\"wp-block-group is-vertical is-layout-flex wp-container-core-group-is-layout-fe9cc265 wp-block-group-is-layout-flex\">\n<figure class=\"wp-block-image size-large\"><img loading=\"lazy\" decoding=\"async\" width=\"1024\" height=\"274\" src=\"https:\/\/serwer423567.lh.pl\/autoinstalator\/serwer423567.lh.pl\/wordpress152590\/wp-content\/uploads\/2026\/03\/62a56c23-a36d-4038-bf86-e397b740af67-1024x274.png\" alt=\"\" class=\"wp-image-170\" srcset=\"https:\/\/serwer423567.lh.pl\/autoinstalator\/serwer423567.lh.pl\/wordpress152590\/wp-content\/uploads\/2026\/03\/62a56c23-a36d-4038-bf86-e397b740af67-1024x274.png 1024w, https:\/\/serwer423567.lh.pl\/autoinstalator\/serwer423567.lh.pl\/wordpress152590\/wp-content\/uploads\/2026\/03\/62a56c23-a36d-4038-bf86-e397b740af67-300x80.png 300w, https:\/\/serwer423567.lh.pl\/autoinstalator\/serwer423567.lh.pl\/wordpress152590\/wp-content\/uploads\/2026\/03\/62a56c23-a36d-4038-bf86-e397b740af67-768x206.png 768w, https:\/\/serwer423567.lh.pl\/autoinstalator\/serwer423567.lh.pl\/wordpress152590\/wp-content\/uploads\/2026\/03\/62a56c23-a36d-4038-bf86-e397b740af67.png 1225w\" sizes=\"(max-width: 1024px) 100vw, 1024px\" \/><\/figure>\n\n\n\n<p>Sprawd\u017acie, gdzie tego dnia jecie i pijecie. S\u0105siedzi przy stole nie s\u0105 przypadkowi.<\/p>\n<\/div>\n\n\n\n<figure class=\"wp-block-image size-large\"><img loading=\"lazy\" decoding=\"async\" width=\"682\" height=\"1024\" src=\"https:\/\/serwer423567.lh.pl\/autoinstalator\/serwer423567.lh.pl\/wordpress152590\/wp-content\/uploads\/2026\/03\/3-682x1024.webp\" alt=\"\" class=\"wp-image-98\" srcset=\"https:\/\/serwer423567.lh.pl\/autoinstalator\/serwer423567.lh.pl\/wordpress152590\/wp-content\/uploads\/2026\/03\/3-682x1024.webp 682w, https:\/\/serwer423567.lh.pl\/autoinstalator\/serwer423567.lh.pl\/wordpress152590\/wp-content\/uploads\/2026\/03\/3-200x300.webp 200w, https:\/\/serwer423567.lh.pl\/autoinstalator\/serwer423567.lh.pl\/wordpress152590\/wp-content\/uploads\/2026\/03\/3-768x1152.webp 768w, https:\/\/serwer423567.lh.pl\/autoinstalator\/serwer423567.lh.pl\/wordpress152590\/wp-content\/uploads\/2026\/03\/3-1024x1536.webp 1024w, https:\/\/serwer423567.lh.pl\/autoinstalator\/serwer423567.lh.pl\/wordpress152590\/wp-content\/uploads\/2026\/03\/3-720x1080.webp 720w, https:\/\/serwer423567.lh.pl\/autoinstalator\/serwer423567.lh.pl\/wordpress152590\/wp-content\/uploads\/2026\/03\/3.webp 1181w\" sizes=\"(max-width: 682px) 100vw, 682px\" \/><\/figure>\n<\/div>\n\n\n\n<div style=\"height:50px;width:0px\" aria-hidden=\"true\" class=\"wp-block-spacer\"><\/div>\n\n\n\n<div class=\"wp-block-buttons is-content-justification-center is-layout-flex wp-container-core-buttons-is-layout-a89b3969 wp-block-buttons-is-layout-flex\">\n<div class=\"wp-block-button has-custom-width wp-block-button__width-50\"><a class=\"wp-block-button__link has-text-color has-background has-link-color has-text-align-center wp-element-button\" style=\"color:#e6e3e3;background-color:#8e0000\"><strong>Sprawd\u017a<\/strong><\/a><\/div>\n<\/div>\n\n\n\n<div style=\"height:50px;width:0px\" aria-hidden=\"true\" class=\"wp-block-spacer\"><\/div>\n\n\n\n<div class=\"wp-block-group is-nowrap is-layout-flex wp-container-core-group-is-layout-6c531013 wp-block-group-is-layout-flex\">\n<figure class=\"wp-block-image size-large\"><img loading=\"lazy\" decoding=\"async\" width=\"1181\" height=\"1772\" src=\"https:\/\/serwer423567.lh.pl\/autoinstalator\/serwer423567.lh.pl\/wordpress152590\/wp-content\/uploads\/2026\/03\/4-682x1024.webp\" alt=\"\" class=\"wp-image-99\" srcset=\"https:\/\/serwer423567.lh.pl\/autoinstalator\/serwer423567.lh.pl\/wordpress152590\/wp-content\/uploads\/2026\/03\/4-682x1024.webp 682w, https:\/\/serwer423567.lh.pl\/autoinstalator\/serwer423567.lh.pl\/wordpress152590\/wp-content\/uploads\/2026\/03\/4-200x300.webp 200w, https:\/\/serwer423567.lh.pl\/autoinstalator\/serwer423567.lh.pl\/wordpress152590\/wp-content\/uploads\/2026\/03\/4-768x1152.webp 768w, https:\/\/serwer423567.lh.pl\/autoinstalator\/serwer423567.lh.pl\/wordpress152590\/wp-content\/uploads\/2026\/03\/4-1024x1536.webp 1024w, https:\/\/serwer423567.lh.pl\/autoinstalator\/serwer423567.lh.pl\/wordpress152590\/wp-content\/uploads\/2026\/03\/4-720x1080.webp 720w, https:\/\/serwer423567.lh.pl\/autoinstalator\/serwer423567.lh.pl\/wordpress152590\/wp-content\/uploads\/2026\/03\/4.webp 1181w\" sizes=\"(max-width: 1181px) 100vw, 1181px\" \/><\/figure>\n\n\n\n<div class=\"wp-block-group is-vertical is-layout-flex wp-container-core-group-is-layout-fe9cc265 wp-block-group-is-layout-flex\">\n<figure class=\"wp-block-image size-large\"><img loading=\"lazy\" decoding=\"async\" width=\"1024\" height=\"677\" src=\"https:\/\/serwer423567.lh.pl\/autoinstalator\/serwer423567.lh.pl\/wordpress152590\/wp-content\/uploads\/2026\/03\/4385c543-9a28-437e-b155-d8b75342982f-1024x677.png\" alt=\"\" class=\"wp-image-177\" srcset=\"https:\/\/serwer423567.lh.pl\/autoinstalator\/serwer423567.lh.pl\/wordpress152590\/wp-content\/uploads\/2026\/03\/4385c543-9a28-437e-b155-d8b75342982f-1024x677.png 1024w, https:\/\/serwer423567.lh.pl\/autoinstalator\/serwer423567.lh.pl\/wordpress152590\/wp-content\/uploads\/2026\/03\/4385c543-9a28-437e-b155-d8b75342982f-300x198.png 300w, https:\/\/serwer423567.lh.pl\/autoinstalator\/serwer423567.lh.pl\/wordpress152590\/wp-content\/uploads\/2026\/03\/4385c543-9a28-437e-b155-d8b75342982f-768x508.png 768w, https:\/\/serwer423567.lh.pl\/autoinstalator\/serwer423567.lh.pl\/wordpress152590\/wp-content\/uploads\/2026\/03\/4385c543-9a28-437e-b155-d8b75342982f-1536x1016.png 1536w, https:\/\/serwer423567.lh.pl\/autoinstalator\/serwer423567.lh.pl\/wordpress152590\/wp-content\/uploads\/2026\/03\/4385c543-9a28-437e-b155-d8b75342982f-2048x1355.png 2048w\" sizes=\"(max-width: 1024px) 100vw, 1024px\" \/><\/figure>\n\n\n\n<p>Fotograf fotografem, ale wiemy, \u017ce <strong>najlepsze uj\u0119cia<\/strong> powstaj\u0105 mi\u0119dzy <em>a teraz idziemy na jednego<\/em> a ta\u0144cem. Je\u015bli zrobicie jakie\u015b zdj\u0119cia, lub kr\u00f3tkie filmy wrzu\u0107cie je tutaj.<\/p>\n\n\n\n<p>Nie mo\u017cemy si\u0119 doczeka\u0107, \u017ceby zobaczy\u0107 ten dzie\u0144 z Waszej perspektywy.<\/p>\n<\/div>\n<\/div>\n\n\n\n<div style=\"height:50px;width:0px\" aria-hidden=\"true\" class=\"wp-block-spacer\"><\/div>\n\n\n\n<div class=\"wp-block-buttons is-content-justification-center is-layout-flex wp-container-core-buttons-is-layout-a89b3969 wp-block-buttons-is-layout-flex\">\n<div class=\"wp-block-button has-custom-width wp-block-button__width-50 is-style-fill\"><a class=\"wp-block-button__link has-text-color has-background has-link-color has-text-align-center wp-element-button\" style=\"border-style:none;border-width:0px;color:#e6e3e3;background-color:#8e0000\"><strong>Dodaj zdj\u0119cia!<\/strong><\/a><\/div>\n<\/div>\n\n\n\n<div style=\"height:123px;width:0px\" aria-hidden=\"true\" class=\"wp-block-spacer\"><\/div>\n\n\n\n<figure class=\"wp-block-image size-full\"><img loading=\"lazy\" decoding=\"async\" width=\"2560\" height=\"942\" src=\"https:\/\/serwer423567.lh.pl\/autoinstalator\/serwer423567.lh.pl\/wordpress152590\/wp-content\/uploads\/2026\/03\/8076eefa-c95c-410d-8197-63caa905974e-scaled.png\" alt=\"\" class=\"wp-image-198\" srcset=\"https:\/\/serwer423567.lh.pl\/autoinstalator\/serwer423567.lh.pl\/wordpress152590\/wp-content\/uploads\/2026\/03\/8076eefa-c95c-410d-8197-63caa905974e-scaled.png 2560w, https:\/\/serwer423567.lh.pl\/autoinstalator\/serwer423567.lh.pl\/wordpress152590\/wp-content\/uploads\/2026\/03\/8076eefa-c95c-410d-8197-63caa905974e-300x110.png 300w, https:\/\/serwer423567.lh.pl\/autoinstalator\/serwer423567.lh.pl\/wordpress152590\/wp-content\/uploads\/2026\/03\/8076eefa-c95c-410d-8197-63caa905974e-1024x377.png 1024w, https:\/\/serwer423567.lh.pl\/autoinstalator\/serwer423567.lh.pl\/wordpress152590\/wp-content\/uploads\/2026\/03\/8076eefa-c95c-410d-8197-63caa905974e-768x282.png 768w, https:\/\/serwer423567.lh.pl\/autoinstalator\/serwer423567.lh.pl\/wordpress152590\/wp-content\/uploads\/2026\/03\/8076eefa-c95c-410d-8197-63caa905974e-1536x565.png 1536w, https:\/\/serwer423567.lh.pl\/autoinstalator\/serwer423567.lh.pl\/wordpress152590\/wp-content\/uploads\/2026\/03\/8076eefa-c95c-410d-8197-63caa905974e-2048x753.png 2048w\" sizes=\"(max-width: 2560px) 100vw, 2560px\" \/><\/figure>\n\n\n\n<div style=\"height:31px;width:0px\" aria-hidden=\"true\" class=\"wp-block-spacer\"><\/div>\n\n\n\n<div class=\"wp-block-buttons is-content-justification-center is-layout-flex wp-container-core-buttons-is-layout-a89b3969 wp-block-buttons-is-layout-flex\">\n<div class=\"wp-block-button is-style-fill\"><a class=\"wp-block-button__link has-text-color has-background has-link-color has-medium-font-size has-custom-font-size wp-element-button\" href=\"https:\/\/docs.google.com\/forms\/d\/e\/1FAIpQLSc9sWmqDLOM5Uy6HnR6YBepOBz7Hr2pd8obZUfRpLB67JhTnQ\/viewform\" style=\"color:#e6e3e3;background-color:#8e0000;padding-top:89;padding-right:89;padding-bottom:89;padding-left:89\" target=\"_blank\" rel=\"noreferrer noopener\"><strong>Potwierd\u017a obecno\u015b\u0107<\/strong><\/a><\/div>\n<\/div>\n\n\n\n<div style=\"height:123px;width:0px\" aria-hidden=\"true\" class=\"wp-block-spacer\"><\/div>\n\n\n\n<div class=\"wp-block-group alignfull has-background-color has-global-padding is-layout-constrained wp-container-core-group-is-layout-5d2f8bdc wp-block-group-is-layout-constrained\" style=\"margin-top:0;margin-bottom:0;padding-top:var(--wp--preset--spacing--40);padding-right:var(--wp--preset--spacing--30);padding-bottom:var(--wp--preset--spacing--40);padding-left:var(--wp--preset--spacing--30)\">\n<div class=\"wp-block-group alignwide is-content-justification-space-between is-layout-flex wp-container-core-group-is-layout-b585a4aa wp-block-group-is-layout-flex\">\n<div class=\"wp-block-group is-layout-flex wp-block-group-is-layout-flex\"><\/div>\n\n\n\n<p class=\"has-small-font-size\"> <\/p>\n<\/div>\n<\/div>\n\n\n\n<p><\/p>\n","protected":false},"excerpt":{"rendered":"<p>potem parkiet jest Wasz. Wszystko odb\u0119dzie si\u0119 w Siedlisku Czy\u017c\u00f3w, gdzie zaczniemy od przysi\u0119gi. Potem muzyka, \u015bpiewy i parkiet, kt\u00f3ry &#8211; mamy nadziej\u0119 &#8211; nie b\u0119dzie pusty a\u017c do \u015bwitu. Nie liczymy kalorii! Tu znajdziecie wszystko, co potrzebne, \u017ceby dotrwa\u0107 do kolejnej rundy ta\u0144c\u00f3w: pyszne dania, s\u0142odkie niespodzianki i oczywi\u015bcie miejsce na dok\u0142adk\u0119. Sprawd\u017acie, gdzie [&hellip;]<\/p>\n","protected":false},"author":1,"featured_media":0,"parent":0,"menu_order":0,"comment_status":"closed","ping_status":"closed","template":"elementor_theme","meta":{"footnotes":""},"class_list":["post-117","page","type-page","status-publish","hentry"],"_links":{"self":[{"href":"https:\/\/serwer423567.lh.pl\/autoinstalator\/serwer423567.lh.pl\/wordpress152590\/index.php\/wp-json\/wp\/v2\/pages\/117","targetHints":{"allow":["GET"]}}],"collection":[{"href":"https:\/\/serwer423567.lh.pl\/autoinstalator\/serwer423567.lh.pl\/wordpress152590\/index.php\/wp-json\/wp\/v2\/pages"}],"about":[{"href":"https:\/\/serwer423567.lh.pl\/autoinstalator\/serwer423567.lh.pl\/wordpress152590\/index.php\/wp-json\/wp\/v2\/types\/page"}],"author":[{"embeddable":true,"href":"https:\/\/serwer423567.lh.pl\/autoinstalator\/serwer423567.lh.pl\/wordpress152590\/index.php\/wp-json\/wp\/v2\/users\/1"}],"replies":[{"embeddable":true,"href":"https:\/\/serwer423567.lh.pl\/autoinstalator\/serwer423567.lh.pl\/wordpress152590\/index.php\/wp-json\/wp\/v2\/comments?post=117"}],"version-history":[{"count":51,"href":"https:\/\/serwer423567.lh.pl\/autoinstalator\/serwer423567.lh.pl\/wordpress152590\/index.php\/wp-json\/wp\/v2\/pages\/117\/revisions"}],"predecessor-version":[{"id":240,"href":"https:\/\/serwer423567.lh.pl\/autoinstalator\/serwer423567.lh.pl\/wordpress152590\/index.php\/wp-json\/wp\/v2\/pages\/117\/revisions\/240"}],"wp:attachment":[{"href":"https:\/\/serwer423567.lh.pl\/autoinstalator\/serwer423567.lh.pl\/wordpress152590\/index.php\/wp-json\/wp\/v2\/media?parent=117"}],"curies":[{"name":"wp","href":"https:\/\/api.w.org\/{rel}","templated":true}]}}